{"id":16,"date":"2025-09-12T21:40:28","date_gmt":"2025-09-12T21:40:28","guid":{"rendered":"https:\/\/gabriellagombas.ch\/?page_id=16"},"modified":"2026-04-11T12:37:34","modified_gmt":"2026-04-11T12:37:34","slug":"circle-singing-bodensee-gemeinschaftlich-improvisativer-gesang-in-taegerwilen","status":"publish","type":"page","link":"https:\/\/gabriellagombas.ch\/","title":{"rendered":"Circle Singing Bodensee"},"content":{"rendered":"<section class=\"bde-section-16-100 bde-section\">\n  \n  \n\t\n\n\n\n<div class=\"section-container\"><img decoding=\"async\" class=\"bde-image2-16-186 bde-image2\" src=\"https:\/\/gabriellagombas.ch\/wp-content\/uploads\/2026\/02\/Circlesinging-mund-2.jpg\" loading=\"lazy\" srcset=\"https:\/\/gabriellagombas.ch\/wp-content\/uploads\/2026\/02\/Circlesinging-mund-2.jpg 1646w, https:\/\/gabriellagombas.ch\/wp-content\/uploads\/2026\/02\/Circlesinging-mund-2-300x186.jpg 300w, https:\/\/gabriellagombas.ch\/wp-content\/uploads\/2026\/02\/Circlesinging-mund-2-1024x635.jpg 1024w, https:\/\/gabriellagombas.ch\/wp-content\/uploads\/2026\/02\/Circlesinging-mund-2-768x476.jpg 768w, https:\/\/gabriellagombas.ch\/wp-content\/uploads\/2026\/02\/Circlesinging-mund-2-1536x952.jpg 1536w\" sizes=\"(max-width: 1646px) 100vw, 1646px\"><h1 class=\"bde-heading-16-101 bde-heading\">\nCircle Singing Bodensee\n<\/h1><div class=\"bde-text-16-102 bde-text\">\nDie unb\u00e4ndige Lust am singen -spielerisch und ganz aus dem Moment heraus.\u00a0<br><br>Keine Vorkenntnisse n\u00f6tig\n<\/div><\/div>\n<\/section><section class=\"bde-section-16-103 bde-section\">\n  \n  \n\t\n\n\n\n<div class=\"section-container\"><h2 class=\"bde-heading-16-183 bde-heading\">\nOffener Raum f\u00fcr Stimme \/ K\u00f6rper \/ Pr\u00e4senz\n<\/h2><div class=\"bde-div-16-104 bde-div\">\n  \n  \n\t\n\n\n\n<img decoding=\"async\" class=\"bde-image2-16-184 bde-image2\" src=\"https:\/\/gabriellagombas.ch\/wp-content\/uploads\/2026\/01\/circle-singing-bodensee-300x247.jpg\" loading=\"lazy\" srcset=\"https:\/\/gabriellagombas.ch\/wp-content\/uploads\/2026\/01\/circle-singing-bodensee-300x247.jpg 300w, https:\/\/gabriellagombas.ch\/wp-content\/uploads\/2026\/01\/circle-singing-bodensee-768x631.jpg 768w\" sizes=\"(max-width: 300px) 100vw, 300px\"><div class=\"bde-text-16-105 bde-text\" data-entrance=\"slideUp\">\n-Meiner Stimme Raum geben statt zu verstummen<br>-In Verbindung kommen statt St\u00fcckwerk betreiben<br>-Aus der eigenen Quelle sch\u00f6pfen mit dem Wissen: ich darf, ich kann<br>-Meine ureigene Stimme verk\u00f6rpern statt anderen zu gefallen<br>\n<\/div>\n<\/div><\/div>\n<\/section><section class=\"bde-section-16-106 bde-section\">\n  \n  \n\t\n\n\n\n<div class=\"section-container\"><div class=\"bde-div-16-107 bde-div\">\n  \n  \n\t\n\n\n\n<div class=\"bde-text-16-108 bde-text\" data-entrance=\"slideUp\">\nIm gemeinschaftlichen Kreis entdecken wir den heilsamen Aspekt unserer Stimme f\u00fcr uns selber und andere\n<\/div><div class=\"bde-rich-text-16-185 bde-rich-text breakdance-rich-text-styles\">\n<h3>Ankommen<\/h3>\n<p>Mit meinem K\u00f6rper und allem was ist, hier und jetzt. Alles darf sein, nichts muss. Durch einfache k\u00f6rperliche \u00dcbungen werden physische Empfindungen und Emotionen im ganzen K\u00f6rper aufgesp\u00fcrt und bewegt. Wir geben unseren Verspannungen und M\u00fcdigkeit, unserer Kraft und Lebenslust Raum und Ausdruck mit unserer Stimme. Der K\u00f6rper verbindet sich mit der Stimme und ich komme an, mit Leib und Seele.<\/p>\n<h3>Circle singing<\/h3>\n<p>Durch gemeinschaftliches und stetiges Wiederholen einfacher Motive entfalteten sich verschiedenste Dynamiken \u2013 laut, leise, erhaben, witzig, mystisch, kindlich, verr\u00fcckt\u2026 Eingebettet in die Mehrstimmigkeit des Singing-Kreises, erleben wir eine verbindende und n\u00e4hrende Wirkung. Die Sicherheit w\u00e4chst, sich zu trauen und erm\u00e4chtigen, der eigenen Stimme Freiheiten zu erlauben, damit sie sich entfalten kann. - Alles ist erlaubt, es gibt keine Fehler, alles ist fliessend, Silben und Rhythmen, Melodien und Ger\u00e4usche, Harmonien und Dissonanzen im gegenseitigen Wechselspiel aller Stimmen, ohne Zensur, ohne Umweg \u00fcber`s denken.<\/p>\n<h3>Freies Singen und Improvisieren<\/h3>\n<p>Freies T\u00f6nen bringt uns in ein intensives Wahrnehmen unserer Selbst und der Anderen. Z. Bsp. beginnt eine Person aus dem Moment heraus zu klingen, mit einem Ton, einer Tonfolge oder einem Ger\u00e4usch. Die andern lassen sich darauf ein, stimmen mit ein und best\u00e4rken das Geh\u00f6rte im Wechselspiel aller Beteiligten. Im gesch\u00fctzten Kreise erw\u00e4chst mit der Zeit der Mut, aus der eigenen Komfortzone auszubrechen und ureigene Empfindungen zuzulassen. Selbstverurteilungen und Hemmungen, \u00c4ngste, Fr\u00f6hlichkeit, Gl\u00fcck, Wut und Trauer bekommen eine Stimme; wie t\u00f6nt dieser Schmerz, wie klingt Freude? Echten Gef\u00fchlen den Raum geben statt jedermanns Liebling sein. Alles will geh\u00f6rt und angenommen werden, dann kann es verwandelt und in unser Da-Sein integriert werden.<\/p>\n<\/div>\n<\/div><\/div>\n<\/section><section class=\"bde-section-16-109 bde-section\">\n  \n  \n\t\n\n\n\n<div class=\"section-container\"><div class=\"bde-columns-16-175 bde-columns\"><div class=\"bde-column-16-176 bde-column\">\n  \n  \n\t\n\n\n\n<div class=\"bde-div-16-180 bde-div\">\n  \n  \n\t\n\n\n\n<img decoding=\"async\" class=\"bde-image2-16-178 bde-image2\" src=\"https:\/\/gabriellagombas.ch\/wp-content\/uploads\/2025\/09\/Gabriella-Gombas-beim-Singen.jpg-192x300.webp\" loading=\"lazy\" sizes=\"(max-width: 192px) 100vw, 192px\" height=\"350\"><div class=\"bde-text-16-181 bde-text\">\nSinging Gabriella\n<\/div>\n<\/div>\n<\/div><div class=\"bde-column-16-177 bde-column\">\n  \n  \n\t\n\n\n\n<div class=\"bde-text-16-179 bde-text\" data-entrance=\"slideUp\">\nMeine jahrzehntelange Erfahrungen in vielerlei Weisen rund ums Singing erlauben mir, Einzel- und Gruppenynamiken von Mensch und Stimme aufzusp\u00fcren und einf\u00fchlsam miteinander verweben zu lassen.\n<\/div><div class=\"bde-text-16-182 bde-text\" data-entrance=\"slideUp\">\nKursleitung \u2013 Gabriella Gombas, Stimmperformerin\n<\/div>\n<\/div><\/div><\/div>\n<\/section><section class=\"bde-section-16-139 bde-section\">\n  \n  \n\t\n\n\n\n<div class=\"section-container\"><h2 class=\"bde-heading-16-114 bde-heading\">\nKursinformationen\n<\/h2><div class=\"bde-div-16-140 bde-div\">\n  \n  \n\t\n\n\n\n<div class=\"bde-grid-16-141 bde-grid\">\n  \n  \n\t\n\n\n\n<div class=\"bde-text-16-144 bde-text\">\nW\u00f6chentlich\n<\/div><div class=\"bde-text-16-145 bde-text\">\nMittwochabend 19.15 Uhr bis 20.15 Uhr<br>\n<\/div><div class=\"bde-text-16-150 bde-text\">\nWo<br><br>\n<\/div><div class=\"bde-text-16-147 bde-text\">\nARCA<br>Konstanzerstrasse 3<br>8274 T\u00e4gerwilen\n<\/div>\n<\/div><div class=\"bde-grid-16-153 bde-grid\">\n  \n  \n\t\n\n\n\n<div class=\"bde-text-16-162 bde-text\">\nKurs-Kosten \n<\/div><div class=\"bde-text-16-163 bde-text\">\nRichtwert 22.-\n<\/div>\n<\/div><div class=\"bde-grid-16-164 bde-grid\">\n  \n  \n\t\n\n\n\n<div class=\"bde-text-16-165 bde-text\">\nAnmeldung\n<\/div><div class=\"bde-text-16-166 bde-text\">\nSMS oder E-Mail \n<\/div><div class=\"bde-button-16-188 bde-button\">\n        \n    \n    \n    \n    \n            \n                    \n            \n            \n\n    \n    \n    \n    \n    \n    <a class=\"breakdance-link button-atom button-atom--primary bde-button__button\" href=\"tel:+41715580891\" target=\"_blank\" data-type=\"contact\"  >\n\n    \n        <span class=\"button-atom__text\">SMS (+41) 77 436 37 12 <\/span>\n\n        \n        \n                <\/a>\n\n    \n\n\n<\/div><div class=\"bde-button-16-167 bde-button\">\n        \n    \n    \n    \n    \n            \n                    \n            \n            \n\n    \n    \n    \n    \n    \n    <a class=\"breakdance-link button-atom button-atom--primary bde-button__button\" href=\"mailto:gabriellagombas@bluewin.ch?subject=Circle Singing&body=\" target=\"_blank\" data-type=\"contact\"  >\n\n    \n        <span class=\"button-atom__text\">gabriellagombas@bluewin.ch  <\/span>\n\n        \n        \n                <\/a>\n\n    \n\n\n<\/div>\n<\/div>\n<\/div><a class=\"bde-text-link-16-173 bde-text-link breakdance-link\" href=\"https:\/\/maps.app.goo.gl\/2vT5pqnoXTkhsh4G8\" target=\"_blank\" data-type=\"url\">\n  Parkpl\u00e4tze vorhanden<br>Zu Fuss: ca. 5 Min vom Bahnhof T\u00e4gerwilen-Gottlieben entfernt<br><br>GOOGLE MAPS<br>Konstanzerstr. 3, 8274 T\u00e4gerwilen\n\n<\/a><div class=\"bde-text-16-187 bde-text\">\n<br><br>\n<\/div><\/div>\n<\/section><section class=\"bde-section-16-148 bde-section\">\n              \n  \n  \n\t\n\n  <div class=\"section-background-overlay\"><\/div>\n\n\n<div class=\"section-container\"><div class=\"bde-google-map-16-135 bde-google-map\" data-entrance=\"fade\">\r\n<iframe width=\"100%\" height=\"100%\" style=\"border:0\" loading=\"lazy\" title=\"Map\" src=\"https:\/\/maps.google.com\/maps?q=T%C3%A4gerwilen%2C+Konstanzerstr.+3&t=m&z=17&output=embed&iwloc=near\" allowfullscreen><\/iframe>\n<\/div><\/div>\n<\/section>","protected":false},"excerpt":{"rendered":"<p>Circle Singing Bodensee Die unb\u00e4ndige Lust am singen -spielerisch und ganz aus dem Moment heraus.\u00a0Keine Vorkenntnisse n\u00f6tig Offener Raum f\u00fcr Stimme \/ K\u00f6rper \/ Pr\u00e4senz -Meiner Stimme Raum geben statt zu verstummen-In Verbindung kommen statt St\u00fcckwerk betreiben-Aus der eigenen Quelle sch\u00f6pfen mit dem Wissen: ich darf, ich kann-Meine ureigene Stimme verk\u00f6rpern statt anderen zu gefallen [&hellip;]<\/p>\n","protected":false},"author":1,"featured_media":0,"parent":0,"menu_order":0,"comment_status":"closed","ping_status":"closed","template":"","meta":{"_breakdance_hide_in_design_set":false,"_breakdance_tags":"","footnotes":""},"class_list":["post-16","page","type-page","status-publish","hentry"],"yoast_head":"<!-- This site is optimized with the Yoast SEO plugin v27.4 - https:\/\/yoast.com\/product\/yoast-seo-wordpress\/ -->\n<title>Circle Singing Bodensee - Gabriella Gombas - Gesang &amp; Fotografie<\/title>\n<meta name=\"description\" content=\"Entdecke Circle Singing Bodensee \u2013 Kreissingen in T\u00e4gerwilen. Die unb\u00e4ndige Lust am singen \u2013 spielerisch und ganz aus dem Moment heraus.\" \/>\n<meta name=\"robots\" content=\"index, follow, max-snippet:-1, max-image-preview:large, max-video-preview:-1\" \/>\n<link rel=\"canonical\" href=\"https:\/\/gabriellagombas.ch\/\" \/>\n<meta property=\"og:locale\" content=\"de_DE\" \/>\n<meta property=\"og:type\" content=\"article\" \/>\n<meta property=\"og:title\" content=\"Circle Singing Bodensee - Gabriella Gombas - Gesang &amp; Fotografie\" \/>\n<meta property=\"og:description\" content=\"Entdecke Circle Singing Bodensee \u2013 Kreissingen in T\u00e4gerwilen. Die unb\u00e4ndige Lust am singen \u2013 spielerisch und ganz aus dem Moment heraus.\" \/>\n<meta property=\"og:url\" content=\"https:\/\/gabriellagombas.ch\/\" \/>\n<meta property=\"og:site_name\" content=\"Gabriella Gombas - Gesang &amp; Fotografie\" \/>\n<meta property=\"article:modified_time\" content=\"2026-04-11T12:37:34+00:00\" \/>\n<meta name=\"twitter:card\" content=\"summary_large_image\" \/>\n<meta name=\"twitter:label1\" content=\"Gesch\u00e4tzte Lesezeit\" \/>\n\t<meta name=\"twitter:data1\" content=\"3\u00a0Minuten\" \/>\n<script type=\"application\/ld+json\" class=\"yoast-schema-graph\">{\"@context\":\"https:\\\/\\\/schema.org\",\"@graph\":[{\"@type\":\"WebPage\",\"@id\":\"https:\\\/\\\/gabriellagombas.ch\\\/\",\"url\":\"https:\\\/\\\/gabriellagombas.ch\\\/\",\"name\":\"Circle Singing Bodensee - Gabriella Gombas - Gesang &amp; Fotografie\",\"isPartOf\":{\"@id\":\"https:\\\/\\\/gabriellagombas.ch\\\/#website\"},\"datePublished\":\"2025-09-12T21:40:28+00:00\",\"dateModified\":\"2026-04-11T12:37:34+00:00\",\"description\":\"Entdecke Circle Singing Bodensee \u2013 Kreissingen in T\u00e4gerwilen. Die unb\u00e4ndige Lust am singen \u2013 spielerisch und ganz aus dem Moment heraus.\",\"breadcrumb\":{\"@id\":\"https:\\\/\\\/gabriellagombas.ch\\\/#breadcrumb\"},\"inLanguage\":\"de\",\"potentialAction\":[{\"@type\":\"ReadAction\",\"target\":[\"https:\\\/\\\/gabriellagombas.ch\\\/\"]}]},{\"@type\":\"BreadcrumbList\",\"@id\":\"https:\\\/\\\/gabriellagombas.ch\\\/#breadcrumb\",\"itemListElement\":[{\"@type\":\"ListItem\",\"position\":1,\"name\":\"Startseite\",\"item\":\"https:\\\/\\\/gabriellagombas.ch\\\/\"},{\"@type\":\"ListItem\",\"position\":2,\"name\":\"Circle Singing Bodensee\"}]},{\"@type\":\"WebSite\",\"@id\":\"https:\\\/\\\/gabriellagombas.ch\\\/#website\",\"url\":\"https:\\\/\\\/gabriellagombas.ch\\\/\",\"name\":\"Gabriella Gombas - Gesang & Fotografie\",\"description\":\"\",\"potentialAction\":[{\"@type\":\"SearchAction\",\"target\":{\"@type\":\"EntryPoint\",\"urlTemplate\":\"https:\\\/\\\/gabriellagombas.ch\\\/?s={search_term_string}\"},\"query-input\":{\"@type\":\"PropertyValueSpecification\",\"valueRequired\":true,\"valueName\":\"search_term_string\"}}],\"inLanguage\":\"de\"}]}<\/script>\n<!-- \/ Yoast SEO plugin. -->","yoast_head_json":{"title":"Circle Singing Bodensee - Gabriella Gombas - Gesang &amp; Fotografie","description":"Entdecke Circle Singing Bodensee \u2013 Kreissingen in T\u00e4gerwilen. Die unb\u00e4ndige Lust am singen \u2013 spielerisch und ganz aus dem Moment heraus.","robots":{"index":"index","follow":"follow","max-snippet":"max-snippet:-1","max-image-preview":"max-image-preview:large","max-video-preview":"max-video-preview:-1"},"canonical":"https:\/\/gabriellagombas.ch\/","og_locale":"de_DE","og_type":"article","og_title":"Circle Singing Bodensee - Gabriella Gombas - Gesang &amp; Fotografie","og_description":"Entdecke Circle Singing Bodensee \u2013 Kreissingen in T\u00e4gerwilen. Die unb\u00e4ndige Lust am singen \u2013 spielerisch und ganz aus dem Moment heraus.","og_url":"https:\/\/gabriellagombas.ch\/","og_site_name":"Gabriella Gombas - Gesang &amp; Fotografie","article_modified_time":"2026-04-11T12:37:34+00:00","twitter_card":"summary_large_image","twitter_misc":{"Gesch\u00e4tzte Lesezeit":"3\u00a0Minuten"},"schema":{"@context":"https:\/\/schema.org","@graph":[{"@type":"WebPage","@id":"https:\/\/gabriellagombas.ch\/","url":"https:\/\/gabriellagombas.ch\/","name":"Circle Singing Bodensee - Gabriella Gombas - Gesang &amp; Fotografie","isPartOf":{"@id":"https:\/\/gabriellagombas.ch\/#website"},"datePublished":"2025-09-12T21:40:28+00:00","dateModified":"2026-04-11T12:37:34+00:00","description":"Entdecke Circle Singing Bodensee \u2013 Kreissingen in T\u00e4gerwilen. Die unb\u00e4ndige Lust am singen \u2013 spielerisch und ganz aus dem Moment heraus.","breadcrumb":{"@id":"https:\/\/gabriellagombas.ch\/#breadcrumb"},"inLanguage":"de","potentialAction":[{"@type":"ReadAction","target":["https:\/\/gabriellagombas.ch\/"]}]},{"@type":"BreadcrumbList","@id":"https:\/\/gabriellagombas.ch\/#breadcrumb","itemListElement":[{"@type":"ListItem","position":1,"name":"Startseite","item":"https:\/\/gabriellagombas.ch\/"},{"@type":"ListItem","position":2,"name":"Circle Singing Bodensee"}]},{"@type":"WebSite","@id":"https:\/\/gabriellagombas.ch\/#website","url":"https:\/\/gabriellagombas.ch\/","name":"Gabriella Gombas - Gesang & Fotografie","description":"","potentialAction":[{"@type":"SearchAction","target":{"@type":"EntryPoint","urlTemplate":"https:\/\/gabriellagombas.ch\/?s={search_term_string}"},"query-input":{"@type":"PropertyValueSpecification","valueRequired":true,"valueName":"search_term_string"}}],"inLanguage":"de"}]}},"_links":{"self":[{"href":"https:\/\/gabriellagombas.ch\/index.php\/wp-json\/wp\/v2\/pages\/16","targetHints":{"allow":["GET"]}}],"collection":[{"href":"https:\/\/gabriellagombas.ch\/index.php\/wp-json\/wp\/v2\/pages"}],"about":[{"href":"https:\/\/gabriellagombas.ch\/index.php\/wp-json\/wp\/v2\/types\/page"}],"author":[{"embeddable":true,"href":"https:\/\/gabriellagombas.ch\/index.php\/wp-json\/wp\/v2\/users\/1"}],"replies":[{"embeddable":true,"href":"https:\/\/gabriellagombas.ch\/index.php\/wp-json\/wp\/v2\/comments?post=16"}],"version-history":[{"count":94,"href":"https:\/\/gabriellagombas.ch\/index.php\/wp-json\/wp\/v2\/pages\/16\/revisions"}],"predecessor-version":[{"id":129,"href":"https:\/\/gabriellagombas.ch\/index.php\/wp-json\/wp\/v2\/pages\/16\/revisions\/129"}],"wp:attachment":[{"href":"https:\/\/gabriellagombas.ch\/index.php\/wp-json\/wp\/v2\/media?parent=16"}],"curies":[{"name":"wp","href":"https:\/\/api.w.org\/{rel}","templated":true}]}}